{"id":164,"date":"2025-07-16T18:43:22","date_gmt":"2025-07-16T18:43:22","guid":{"rendered":"https:\/\/henca-caravan.de\/?page_id=164"},"modified":"2025-07-31T13:01:27","modified_gmt":"2025-07-31T13:01:27","slug":"zubehor","status":"publish","type":"page","link":"https:\/\/henca-caravan.de\/?page_id=164","title":{"rendered":"Zubeh\u00f6r"},"content":{"rendered":"\t\t<div data-elementor-type=\"wp-page\" data-elementor-id=\"164\" class=\"elementor elementor-164\">\n\t\t\t\t\t\t<section class=\"elementor-section elementor-top-section elementor-element elementor-element-v6vmdwy elementor-section-content-middle elementor-section-boxed elementor-section-height-default elementor-section-height-default\" data-id=\"v6vmdwy\" data-element_type=\"section\" data-e-type=\"section\" data-settings=\"{&quot;background_background&quot;:&quot;classic&quot;}\">\n\t\t\t\t\t\t<div class=\"elementor-container elementor-column-gap-no\">\n\t\t\t\t\t<div class=\"elementor-column elementor-col-100 elementor-top-column elementor-element elementor-element-8c9f25a\" data-id=\"8c9f25a\" data-element_type=\"column\" data-e-type=\"column\">\n\t\t\t<div class=\"elementor-widget-wrap elementor-element-populated\">\n\t\t\t\t\t\t<div class=\"elementor-element elementor-element-1d0d3e7 elementor-widget elementor-widget-heading\" data-id=\"1d0d3e7\" data-element_type=\"widget\" data-e-type=\"widget\" data-widget_type=\"heading.default\">\n\t\t\t\t\t<h2 class=\"elementor-heading-title elementor-size-default\">Zubeh\u00f6r <\/h2>\t\t\t\t<\/div>\n\t\t\t\t<section class=\"elementor-section elementor-inner-section elementor-element elementor-element-7a7ca5d elementor-section-content-middle elementor-section-boxed elementor-section-height-default elementor-section-height-default\" data-id=\"7a7ca5d\" data-element_type=\"section\" data-e-type=\"section\">\n\t\t\t\t\t\t<div class=\"elementor-container elementor-column-gap-no\">\n\t\t\t\t\t<div class=\"elementor-column elementor-col-25 elementor-inner-column elementor-element elementor-element-5f78027\" data-id=\"5f78027\" data-element_type=\"column\" data-e-type=\"column\">\n\t\t\t<div class=\"elementor-widget-wrap elementor-element-populated\">\n\t\t\t\t\t\t<div class=\"elementor-element elementor-element-8fabe55 elementor-position-top elementor-widget elementor-widget-image-box\" data-id=\"8fabe55\" data-element_type=\"widget\" data-e-type=\"widget\" data-widget_type=\"image-box.default\">\n\t\t\t\t\t<div class=\"elementor-image-box-wrapper\"><figure class=\"elementor-image-box-img\"><img fetchpriority=\"high\" decoding=\"async\" width=\"1024\" height=\"1024\" src=\"https:\/\/henca-caravan.de\/wp-content\/uploads\/2025\/07\/2.png\" class=\"attachment-full size-full wp-image-659\" alt=\"\" \/><\/figure><div class=\"elementor-image-box-content\"><h3 class=\"elementor-image-box-title\">Mover<\/h3><p class=\"elementor-image-box-description\">Wir bieten Ihnen Mover entweder voll,- oder halbautomatisch von der Marke Enduro an.<\/p><\/div><\/div>\t\t\t\t<\/div>\n\t\t\t\t\t<\/div>\n\t\t<\/div>\n\t\t\t\t<div class=\"elementor-column elementor-col-25 elementor-inner-column elementor-element elementor-element-d3f0920\" data-id=\"d3f0920\" data-element_type=\"column\" data-e-type=\"column\">\n\t\t\t<div class=\"elementor-widget-wrap elementor-element-populated\">\n\t\t\t\t\t\t<div class=\"elementor-element elementor-element-1701549 elementor-position-top elementor-widget elementor-widget-image-box\" data-id=\"1701549\" data-element_type=\"widget\" data-e-type=\"widget\" data-widget_type=\"image-box.default\">\n\t\t\t\t\t<div class=\"elementor-image-box-wrapper\"><figure class=\"elementor-image-box-img\"><img decoding=\"async\" width=\"300\" height=\"300\" src=\"https:\/\/henca-caravan.de\/wp-content\/uploads\/2025\/07\/3.png\" class=\"attachment-medium size-medium wp-image-660\" alt=\"\" \/><\/figure><div class=\"elementor-image-box-content\"><h3 class=\"elementor-image-box-title\">Klimaanlagen<\/h3><p class=\"elementor-image-box-description\">Wir haben gute Erfahrungen mit der Marke Dometic. Die nicht nur f\u00fcr hei\u00dfe Tage geeignet ist.<\/p><\/div><\/div>\t\t\t\t<\/div>\n\t\t\t\t\t<\/div>\n\t\t<\/div>\n\t\t\t\t<div class=\"elementor-column elementor-col-25 elementor-inner-column elementor-element elementor-element-1d87e5b\" data-id=\"1d87e5b\" data-element_type=\"column\" data-e-type=\"column\">\n\t\t\t<div class=\"elementor-widget-wrap elementor-element-populated\">\n\t\t\t\t\t\t<div class=\"elementor-element elementor-element-2c0b9c4 elementor-widget__width-initial elementor-position-top elementor-widget elementor-widget-image-box\" data-id=\"2c0b9c4\" data-element_type=\"widget\" data-e-type=\"widget\" data-widget_type=\"image-box.default\">\n\t\t\t\t\t<div class=\"elementor-image-box-wrapper\"><figure class=\"elementor-image-box-img\"><img decoding=\"async\" width=\"1024\" height=\"1024\" src=\"https:\/\/henca-caravan.de\/wp-content\/uploads\/2025\/07\/4.png\" class=\"attachment-full size-full wp-image-661\" alt=\"\" \/><\/figure><div class=\"elementor-image-box-content\"><h3 class=\"elementor-image-box-title\">Solaranlage<\/h3><p class=\"elementor-image-box-description\">Sie m\u00f6chten auch mal frei campen. Kein Problem, wir verbauen auch Solaranlagen. <\/p><\/div><\/div>\t\t\t\t<\/div>\n\t\t\t\t\t<\/div>\n\t\t<\/div>\n\t\t\t\t<div class=\"elementor-column elementor-col-25 elementor-inner-column elementor-element elementor-element-cac4ca1\" data-id=\"cac4ca1\" data-element_type=\"column\" data-e-type=\"column\">\n\t\t\t<div class=\"elementor-widget-wrap elementor-element-populated\">\n\t\t\t\t\t\t<div class=\"elementor-element elementor-element-9537ee9 elementor-position-top elementor-widget elementor-widget-image-box\" data-id=\"9537ee9\" data-element_type=\"widget\" data-e-type=\"widget\" data-widget_type=\"image-box.default\">\n\t\t\t\t\t<div class=\"elementor-image-box-wrapper\"><figure class=\"elementor-image-box-img\"><img loading=\"lazy\" decoding=\"async\" width=\"1024\" height=\"1024\" src=\"https:\/\/henca-caravan.de\/wp-content\/uploads\/2025\/07\/1.png\" class=\"attachment-full size-full wp-image-658\" alt=\"\" \/><\/figure><div class=\"elementor-image-box-content\"><h3 class=\"elementor-image-box-title\">Anh\u00e4ngerkupplung f\u00fcr Reisemobile<\/h3><p class=\"elementor-image-box-description\">Sie m\u00f6chten sich eine Anh\u00e4ngerkupplung nachr\u00fcsten lassen? Wir erstellen Ihnen gerne ein Angebot.<\/p><\/div><\/div>\t\t\t\t<\/div>\n\t\t\t\t\t<\/div>\n\t\t<\/div>\n\t\t\t\t\t<\/div>\n\t\t<\/section>\n\t\t\t\t\t<\/div>\n\t\t<\/div>\n\t\t\t\t\t<\/div>\n\t\t<\/section>\n\t\t\t\t<\/div>\n\t\t","protected":false},"excerpt":{"rendered":"<p>Zubeh\u00f6r Mover Wir bieten Ihnen Mover entweder voll,- oder halbautomatisch von der Marke Enduro an. Klimaanlagen Wir haben gute Erfahrungen [&hellip;]<\/p>\n","protected":false},"author":1,"featured_media":0,"parent":0,"menu_order":0,"comment_status":"closed","ping_status":"closed","template":"","meta":{"site-sidebar-layout":"no-sidebar","site-content-layout":"","ast-site-content-layout":"full-width-container","site-content-style":"default","site-sidebar-style":"default","ast-global-header-display":"","ast-banner-title-visibility":"","ast-main-header-display":"","ast-hfb-above-header-display":"","ast-hfb-below-header-display":"","ast-hfb-mobile-header-display":"","site-post-title":"disabled","ast-breadcrumbs-content":"","ast-featured-img":"disabled","footer-sml-layout":"","ast-disable-related-posts":"","theme-transparent-header-meta":"","adv-header-id-meta":"","stick-header-meta":"","header-above-stick-meta":"","header-main-stick-meta":"","header-below-stick-meta":"","astra-migrate-meta-layouts":"default","ast-page-background-enabled":"default","ast-page-background-meta":{"desktop":{"background-color":"var(--ast-global-color-5)","background-image":"","background-repeat":"repeat","background-position":"center center","background-size":"auto","background-attachment":"scroll","background-type":"","background-media":"","overlay-type":"","overlay-color":"","overlay-opacity":"","overlay-gradient":""},"tablet":{"background-color":"","background-image":"","background-repeat":"repeat","background-position":"center center","background-size":"auto","background-attachment":"scroll","background-type":"","background-media":"","overlay-type":"","overlay-color":"","overlay-opacity":"","overlay-gradient":""},"mobile":{"background-color":"","background-image":"","background-repeat":"repeat","background-position":"center center","background-size":"auto","background-attachment":"scroll","background-type":"","background-media":"","overlay-type":"","overlay-color":"","overlay-opacity":"","overlay-gradient":""}},"ast-content-background-meta":{"desktop":{"background-color":"var(--ast-global-color-4)","background-image":"","background-repeat":"repeat","background-position":"center center","background-size":"auto","background-attachment":"scroll","background-type":"","background-media":"","overlay-type":"","overlay-color":"","overlay-opacity":"","overlay-gradient":""},"tablet":{"background-color":"var(--ast-global-color-4)","background-image":"","background-repeat":"repeat","background-position":"center center","background-size":"auto","background-attachment":"scroll","background-type":"","background-media":"","overlay-type":"","overlay-color":"","overlay-opacity":"","overlay-gradient":""},"mobile":{"background-color":"var(--ast-global-color-4)","background-image":"","background-repeat":"repeat","background-position":"center center","background-size":"auto","background-attachment":"scroll","background-type":"","background-media":"","overlay-type":"","overlay-color":"","overlay-opacity":"","overlay-gradient":""}},"footnotes":""},"class_list":["post-164","page","type-page","status-publish","hentry"],"yoast_head":"<!-- This site is optimized with the Yoast SEO plugin v27.3 - https:\/\/yoast.com\/product\/yoast-seo-wordpress\/ -->\n<title>Zubeh\u00f6r - Henca Caravan de<\/title>\n<meta name=\"robots\" content=\"index, follow, max-snippet:-1, max-image-preview:large, max-video-preview:-1\" \/>\n<link rel=\"canonical\" href=\"https:\/\/henca-caravan.de\/?page_id=164\" \/>\n<meta property=\"og:locale\" content=\"en_GB\" \/>\n<meta property=\"og:type\" content=\"article\" \/>\n<meta property=\"og:title\" content=\"Zubeh\u00f6r - Henca Caravan de\" \/>\n<meta property=\"og:description\" content=\"Zubeh\u00f6r Mover Wir bieten Ihnen Mover entweder voll,- oder halbautomatisch von der Marke Enduro an. Klimaanlagen Wir haben gute Erfahrungen [&hellip;]\" \/>\n<meta property=\"og:url\" content=\"https:\/\/henca-caravan.de\/?page_id=164\" \/>\n<meta property=\"og:site_name\" content=\"Henca Caravan de\" \/>\n<meta property=\"article:modified_time\" content=\"2025-07-31T13:01:27+00:00\" \/>\n<meta property=\"og:image\" content=\"https:\/\/henca-caravan.de\/wp-content\/uploads\/2025\/07\/2.png\" \/>\n<meta name=\"twitter:card\" content=\"summary_large_image\" \/>\n<script type=\"application\/ld+json\" class=\"yoast-schema-graph\">{\"@context\":\"https:\\\/\\\/schema.org\",\"@graph\":[{\"@type\":\"WebPage\",\"@id\":\"https:\\\/\\\/henca-caravan.de\\\/?page_id=164\",\"url\":\"https:\\\/\\\/henca-caravan.de\\\/?page_id=164\",\"name\":\"Zubeh\u00f6r - Henca Caravan de\",\"isPartOf\":{\"@id\":\"https:\\\/\\\/henca-caravan.de\\\/#website\"},\"primaryImageOfPage\":{\"@id\":\"https:\\\/\\\/henca-caravan.de\\\/?page_id=164#primaryimage\"},\"image\":{\"@id\":\"https:\\\/\\\/henca-caravan.de\\\/?page_id=164#primaryimage\"},\"thumbnailUrl\":\"https:\\\/\\\/henca-caravan.de\\\/wp-content\\\/uploads\\\/2025\\\/07\\\/2.png\",\"datePublished\":\"2025-07-16T18:43:22+00:00\",\"dateModified\":\"2025-07-31T13:01:27+00:00\",\"breadcrumb\":{\"@id\":\"https:\\\/\\\/henca-caravan.de\\\/?page_id=164#breadcrumb\"},\"inLanguage\":\"en-GB\",\"potentialAction\":[{\"@type\":\"ReadAction\",\"target\":[\"https:\\\/\\\/henca-caravan.de\\\/?page_id=164\"]}]},{\"@type\":\"ImageObject\",\"inLanguage\":\"en-GB\",\"@id\":\"https:\\\/\\\/henca-caravan.de\\\/?page_id=164#primaryimage\",\"url\":\"https:\\\/\\\/henca-caravan.de\\\/wp-content\\\/uploads\\\/2025\\\/07\\\/2.png\",\"contentUrl\":\"https:\\\/\\\/henca-caravan.de\\\/wp-content\\\/uploads\\\/2025\\\/07\\\/2.png\",\"width\":1024,\"height\":1024},{\"@type\":\"BreadcrumbList\",\"@id\":\"https:\\\/\\\/henca-caravan.de\\\/?page_id=164#breadcrumb\",\"itemListElement\":[{\"@type\":\"ListItem\",\"position\":1,\"name\":\"Home\",\"item\":\"https:\\\/\\\/henca-caravan.de\\\/\"},{\"@type\":\"ListItem\",\"position\":2,\"name\":\"Zubeh\u00f6r\"}]},{\"@type\":\"WebSite\",\"@id\":\"https:\\\/\\\/henca-caravan.de\\\/#website\",\"url\":\"https:\\\/\\\/henca-caravan.de\\\/\",\"name\":\"Henca GmbH\",\"description\":\"\",\"publisher\":{\"@id\":\"https:\\\/\\\/henca-caravan.de\\\/#organization\"},\"potentialAction\":[{\"@type\":\"SearchAction\",\"target\":{\"@type\":\"EntryPoint\",\"urlTemplate\":\"https:\\\/\\\/henca-caravan.de\\\/?s={search_term_string}\"},\"query-input\":{\"@type\":\"PropertyValueSpecification\",\"valueRequired\":true,\"valueName\":\"search_term_string\"}}],\"inLanguage\":\"en-GB\"},{\"@type\":\"Organization\",\"@id\":\"https:\\\/\\\/henca-caravan.de\\\/#organization\",\"name\":\"Henca GmbH\",\"alternateName\":\"Henca Caravan\",\"url\":\"https:\\\/\\\/henca-caravan.de\\\/\",\"logo\":{\"@type\":\"ImageObject\",\"inLanguage\":\"en-GB\",\"@id\":\"https:\\\/\\\/henca-caravan.de\\\/#\\\/schema\\\/logo\\\/image\\\/\",\"url\":\"https:\\\/\\\/henca-caravan.de\\\/wp-content\\\/uploads\\\/2025\\\/08\\\/Ikon-Orange.png\",\"contentUrl\":\"https:\\\/\\\/henca-caravan.de\\\/wp-content\\\/uploads\\\/2025\\\/08\\\/Ikon-Orange.png\",\"width\":1200,\"height\":1200,\"caption\":\"Henca GmbH\"},\"image\":{\"@id\":\"https:\\\/\\\/henca-caravan.de\\\/#\\\/schema\\\/logo\\\/image\\\/\"}}]}<\/script>\n<!-- \/ Yoast SEO plugin. -->","yoast_head_json":{"title":"Zubeh\u00f6r - Henca Caravan de","robots":{"index":"index","follow":"follow","max-snippet":"max-snippet:-1","max-image-preview":"max-image-preview:large","max-video-preview":"max-video-preview:-1"},"canonical":"https:\/\/henca-caravan.de\/?page_id=164","og_locale":"en_GB","og_type":"article","og_title":"Zubeh\u00f6r - Henca Caravan de","og_description":"Zubeh\u00f6r Mover Wir bieten Ihnen Mover entweder voll,- oder halbautomatisch von der Marke Enduro an. Klimaanlagen Wir haben gute Erfahrungen [&hellip;]","og_url":"https:\/\/henca-caravan.de\/?page_id=164","og_site_name":"Henca Caravan de","article_modified_time":"2025-07-31T13:01:27+00:00","og_image":[{"url":"https:\/\/henca-caravan.de\/wp-content\/uploads\/2025\/07\/2.png","type":"","width":"","height":""}],"twitter_card":"summary_large_image","schema":{"@context":"https:\/\/schema.org","@graph":[{"@type":"WebPage","@id":"https:\/\/henca-caravan.de\/?page_id=164","url":"https:\/\/henca-caravan.de\/?page_id=164","name":"Zubeh\u00f6r - Henca Caravan de","isPartOf":{"@id":"https:\/\/henca-caravan.de\/#website"},"primaryImageOfPage":{"@id":"https:\/\/henca-caravan.de\/?page_id=164#primaryimage"},"image":{"@id":"https:\/\/henca-caravan.de\/?page_id=164#primaryimage"},"thumbnailUrl":"https:\/\/henca-caravan.de\/wp-content\/uploads\/2025\/07\/2.png","datePublished":"2025-07-16T18:43:22+00:00","dateModified":"2025-07-31T13:01:27+00:00","breadcrumb":{"@id":"https:\/\/henca-caravan.de\/?page_id=164#breadcrumb"},"inLanguage":"en-GB","potentialAction":[{"@type":"ReadAction","target":["https:\/\/henca-caravan.de\/?page_id=164"]}]},{"@type":"ImageObject","inLanguage":"en-GB","@id":"https:\/\/henca-caravan.de\/?page_id=164#primaryimage","url":"https:\/\/henca-caravan.de\/wp-content\/uploads\/2025\/07\/2.png","contentUrl":"https:\/\/henca-caravan.de\/wp-content\/uploads\/2025\/07\/2.png","width":1024,"height":1024},{"@type":"BreadcrumbList","@id":"https:\/\/henca-caravan.de\/?page_id=164#breadcrumb","itemListElement":[{"@type":"ListItem","position":1,"name":"Home","item":"https:\/\/henca-caravan.de\/"},{"@type":"ListItem","position":2,"name":"Zubeh\u00f6r"}]},{"@type":"WebSite","@id":"https:\/\/henca-caravan.de\/#website","url":"https:\/\/henca-caravan.de\/","name":"Henca GmbH","description":"","publisher":{"@id":"https:\/\/henca-caravan.de\/#organization"},"potentialAction":[{"@type":"SearchAction","target":{"@type":"EntryPoint","urlTemplate":"https:\/\/henca-caravan.de\/?s={search_term_string}"},"query-input":{"@type":"PropertyValueSpecification","valueRequired":true,"valueName":"search_term_string"}}],"inLanguage":"en-GB"},{"@type":"Organization","@id":"https:\/\/henca-caravan.de\/#organization","name":"Henca GmbH","alternateName":"Henca Caravan","url":"https:\/\/henca-caravan.de\/","logo":{"@type":"ImageObject","inLanguage":"en-GB","@id":"https:\/\/henca-caravan.de\/#\/schema\/logo\/image\/","url":"https:\/\/henca-caravan.de\/wp-content\/uploads\/2025\/08\/Ikon-Orange.png","contentUrl":"https:\/\/henca-caravan.de\/wp-content\/uploads\/2025\/08\/Ikon-Orange.png","width":1200,"height":1200,"caption":"Henca GmbH"},"image":{"@id":"https:\/\/henca-caravan.de\/#\/schema\/logo\/image\/"}}]}},"_links":{"self":[{"href":"https:\/\/henca-caravan.de\/index.php?rest_route=\/wp\/v2\/pages\/164","targetHints":{"allow":["GET"]}}],"collection":[{"href":"https:\/\/henca-caravan.de\/index.php?rest_route=\/wp\/v2\/pages"}],"about":[{"href":"https:\/\/henca-caravan.de\/index.php?rest_route=\/wp\/v2\/types\/page"}],"author":[{"embeddable":true,"href":"https:\/\/henca-caravan.de\/index.php?rest_route=\/wp\/v2\/users\/1"}],"replies":[{"embeddable":true,"href":"https:\/\/henca-caravan.de\/index.php?rest_route=%2Fwp%2Fv2%2Fcomments&post=164"}],"version-history":[{"count":38,"href":"https:\/\/henca-caravan.de\/index.php?rest_route=\/wp\/v2\/pages\/164\/revisions"}],"predecessor-version":[{"id":724,"href":"https:\/\/henca-caravan.de\/index.php?rest_route=\/wp\/v2\/pages\/164\/revisions\/724"}],"wp:attachment":[{"href":"https:\/\/henca-caravan.de\/index.php?rest_route=%2Fwp%2Fv2%2Fmedia&parent=164"}],"curies":[{"name":"wp","href":"https:\/\/api.w.org\/{rel}","templated":true}]}}