{"id":864,"date":"2026-03-29T22:07:56","date_gmt":"2026-03-29T22:07:56","guid":{"rendered":"https:\/\/henca-caravan.de\/?page_id=864"},"modified":"2026-04-03T16:41:23","modified_gmt":"2026-04-03T16:41:23","slug":"elementor-864","status":"publish","type":"page","link":"https:\/\/henca-caravan.de\/?page_id=864","title":{"rendered":"Elementor #864"},"content":{"rendered":"\t\t<div data-elementor-type=\"wp-page\" data-elementor-id=\"864\" class=\"elementor elementor-864\">\n\t\t\t\t\t\t<section class=\"elementor-section elementor-top-section elementor-element elementor-element-jgyxlrf elementor-section-content-middle elementor-section-boxed elementor-section-height-default elementor-section-height-default\" data-id=\"jgyxlrf\" data-element_type=\"section\" data-e-type=\"section\" data-settings=\"{&quot;background_background&quot;:&quot;classic&quot;}\">\n\t\t\t\t\t\t\t<div class=\"elementor-background-overlay\"><\/div>\n\t\t\t\t\t\t\t<div class=\"elementor-container elementor-column-gap-no\">\n\t\t\t\t\t<div class=\"elementor-column elementor-col-100 elementor-top-column elementor-element elementor-element-116f2ae\" data-id=\"116f2ae\" data-element_type=\"column\" data-e-type=\"column\">\n\t\t\t<div class=\"elementor-widget-wrap elementor-element-populated\">\n\t\t\t\t\t\t<div class=\"elementor-element elementor-element-d26675a elementor-widget elementor-widget-heading\" data-id=\"d26675a\" data-element_type=\"widget\" data-e-type=\"widget\" data-widget_type=\"heading.default\">\n\t\t\t\t\t<h2 class=\"elementor-heading-title elementor-size-default\">Datenschutzerkl\u00e4rung<\/h2>\t\t\t\t<\/div>\n\t\t\t\t<div class=\"elementor-element elementor-element-b5dd9b5 elementor-widget elementor-widget-text-editor\" data-id=\"b5dd9b5\" data-element_type=\"widget\" data-e-type=\"widget\" data-widget_type=\"text-editor.default\">\n\t\t\t\t\t\t\t\t\t<p>Wir freuen uns \u00fcber Ihr Interesse an unserer Webseite. Der Schutz Ihrer<\/p><p>pers\u00f6nlichen Daten ist uns sehr wichtig. Nachfolgend informieren wir Sie ausf\u00fchrlich<\/p><p>\u00fcber den Umgang mit Ihren Daten.<\/p><p><strong>1. Verantwortlicher<\/strong><\/p><p>Verantwortlich f\u00fcr die Datenverarbeitung auf dieser Webseite ist:<\/p><p><strong>HENCA GmbH<\/strong><\/p><p>Carola-Elisabeth Hen\u00df<\/p><p>Dietenheimer Str. 25<\/p><p>89257 Illertissen<\/p><p>Deutschland<\/p><p>Telefon: 07303\/1579479<\/p><p>E-Mail: info@henca-caravan.de<\/p><p><strong>2. Erhebung und Speicherung personenbezogener Daten sowie Art und Zweck<\/strong><\/p><p><strong>der Verwendung<\/strong><\/p><p>Beim Besuch unserer Webseite werden automatisch Informationen erfasst, die Ihr<\/p><p>Browser an unseren Server \u00fcbermittelt. Dies sind:<\/p><ul><li>IP-Adresse<\/li><li>Datum und Uhrzeit der Anfrage<\/li><li>Browsertyp und Browserversion<\/li><li>verwendetes Betriebssystem<\/li><li>Referrer-URL<\/li><li>Name der abgerufenen Seite<\/li><\/ul><p>Diese Daten werden ausschlie\u00dflich zur Sicherstellung eines st\u00f6rungsfreien Betriebs<\/p><p>der Webseite sowie zur Verbesserung unseres Angebots ausgewertet.<\/p><p><strong>3. Kontaktformular und Kontaktaufnahme<\/strong><\/p><p>Wenn Sie uns \u00fcber das Kontaktformular oder per E-Mail kontaktieren, werden Ihre<\/p><p>Angaben (Name, E-Mail-Adresse, Telefonnummer, Nachricht) gespeichert, damit wir<\/p><p>Ihre Anfrage bearbeiten k\u00f6nnen.<\/p><p>Dies betrifft insbesondere:<\/p><ul><li>Anfragen zum Kauf und Ankauf von Campingfahrzeugen<\/li><li>Anfragen zur Vermietung von Campingfahrzeugen<\/li><li>Anfragen zu Zubeh\u00f6r oder Ersatzteilen<\/li><li>Anfragen zu sonstigen Dienstleistungen<\/li><li>allgemeine Beratungsanfragen<\/li><\/ul><p>Die Daten werden nicht ohne Ihre Einwilligung weitergegeben.<\/p><p><strong>4. Verarbeitung von Daten bei Kauf oder Vermietung<\/strong><\/p><p>Wenn Sie \u00fcber unsere Webseite eine Anfrage zum Kauf oder zur Vermietung stellen,<\/p><p>verarbeiten wir folgende Daten:<\/p><ul><li>Name und Vorname<\/li><li>Adresse<\/li><li>Telefonnummer<\/li><li>E-Mail-Adresse<\/li><li>ggf. Fahrzeug- oder Mietdaten<\/li><li>Zahlungsinformationen (falls erforderlich)<\/li><\/ul><p>Diese Daten werden ausschlie\u00dflich zur Durchf\u00fchrung des Vertrags oder zur<\/p><p>Vorbereitung eines Vertrags verwendet.<\/p><p><strong>5. Weitergabe von Daten an Dritte<\/strong><\/p><p>Eine Weitergabe Ihrer Daten erfolgt nur, wenn dies zur Vertragsabwicklung<\/p><p>notwendig ist, z. B.:<\/p><ul><li>an Zahlungsdienstleister<\/li><li>an Versandunternehmen (bei Zubeh\u00f6r)<\/li><li>an Steuerberater oder gesetzliche Beh\u00f6rden, wenn wir gesetzlich dazu<\/li><li>verpflichtet sind<\/li><\/ul><p><strong>6. Verlinkung zu externen Webseiten<\/strong><\/p><p>Unsere Webseite enth\u00e4lt Links zu externen Webseiten Dritter (z. B. Herstellerseiten,<\/p><p>Zubeh\u00f6ranbieter oder Partnerunternehmen).<\/p><p>Wenn Sie auf einen externen Link klicken, verlassen Sie unsere Webseite. F\u00fcr die<\/p><p>Inhalte und den Datenschutz auf diesen externen Seiten ist ausschlie\u00dflich der<\/p><p>jeweilige Betreiber verantwortlich.<\/p><p><strong>7. Cookies<\/strong><\/p><p>Unsere Webseite verwendet Cookies. Cookies richten auf Ihrem Endger\u00e4t keinen<\/p><p>Schaden an und enthalten keine Viren. Sie dienen dazu, unser Angebot<\/p><p>nutzerfreundlicher zu machen.<\/p><p>Sie k\u00f6nnen Ihren Browser so einstellen, dass Sie \u00fcber das Setzen von Cookies<\/p><p>informiert werden oder Cookies nur im Einzelfall erlauben.<\/p><p><strong>8. Ihre Rechte<\/strong><\/p><p>Sie haben jederzeit das Recht auf:<\/p><ul><li>Auskunft \u00fcber Ihre gespeicherten Daten<\/li><li>Berichtigung unrichtiger Daten<\/li><li>L\u00f6schung Ihrer Daten<\/li><li>Einschr\u00e4nkung der Verarbeitung<\/li><li>Widerspruch gegen die Verarbeitung<\/li><li>Daten\u00fcbertragbarkeit<\/li><\/ul><p>Wenn Sie Fragen zum Datenschutz haben, k\u00f6nnen Sie uns jederzeit unter der oben<\/p><p>angegebenen E-Mail-Adresse kontaktieren.<\/p><p><strong>9. \u00c4nderungen dieser Datenschutzerkl\u00e4rung<\/strong><\/p><p>Wir behalten uns vor, diese Datenschutzerkl\u00e4rung anzupassen, damit sie stets den<\/p><p>aktuellen rechtlichen Anforderungen entspricht oder um \u00c4nderungen unserer<\/p><p>Leistungen umzusetzen. Stand: Juli 2025<\/p>\t\t\t\t\t\t\t\t<\/div>\n\t\t\t\t\t<\/div>\n\t\t<\/div>\n\t\t\t\t\t<\/div>\n\t\t<\/section>\n\t\t\t\t<\/div>\n\t\t","protected":false},"excerpt":{"rendered":"<p>Datenschutzerkl\u00e4rung Wir freuen uns \u00fcber Ihr Interesse an unserer Webseite. Der Schutz Ihrer pers\u00f6nlichen Daten ist uns sehr wichtig. Nachfolgend [&hellip;]<\/p>\n","protected":false},"author":1,"featured_media":0,"parent":0,"menu_order":0,"comment_status":"closed","ping_status":"closed","template":"","meta":{"site-sidebar-layout":"no-sidebar","site-content-layout":"","ast-site-content-layout":"full-width-container","site-content-style":"default","site-sidebar-style":"default","ast-global-header-display":"","ast-banner-title-visibility":"","ast-main-header-display":"","ast-hfb-above-header-display":"","ast-hfb-below-header-display":"","ast-hfb-mobile-header-display":"","site-post-title":"","ast-breadcrumbs-content":"","ast-featured-img":"disabled","footer-sml-layout":"","ast-disable-related-posts":"","theme-transparent-header-meta":"","adv-header-id-meta":"","stick-header-meta":"","header-above-stick-meta":"","header-main-stick-meta":"","header-below-stick-meta":"","astra-migrate-meta-layouts":"default","ast-page-background-enabled":"default","ast-page-background-meta":{"desktop":{"background-color":"var(--ast-global-color-5)","background-image":"","background-repeat":"repeat","background-position":"center center","background-size":"auto","background-attachment":"scroll","background-type":"","background-media":"","overlay-type":"","overlay-color":"","overlay-opacity":"","overlay-gradient":""},"tablet":{"background-color":"","background-image":"","background-repeat":"repeat","background-position":"center center","background-size":"auto","background-attachment":"scroll","background-type":"","background-media":"","overlay-type":"","overlay-color":"","overlay-opacity":"","overlay-gradient":""},"mobile":{"background-color":"","background-image":"","background-repeat":"repeat","background-position":"center center","background-size":"auto","background-attachment":"scroll","background-type":"","background-media":"","overlay-type":"","overlay-color":"","overlay-opacity":"","overlay-gradient":""}},"ast-content-background-meta":{"desktop":{"background-color":"var(--ast-global-color-4)","background-image":"","background-repeat":"repeat","background-position":"center center","background-size":"auto","background-attachment":"scroll","background-type":"","background-media":"","overlay-type":"","overlay-color":"","overlay-opacity":"","overlay-gradient":""},"tablet":{"background-color":"var(--ast-global-color-4)","background-image":"","background-repeat":"repeat","background-position":"center center","background-size":"auto","background-attachment":"scroll","background-type":"","background-media":"","overlay-type":"","overlay-color":"","overlay-opacity":"","overlay-gradient":""},"mobile":{"background-color":"var(--ast-global-color-4)","background-image":"","background-repeat":"repeat","background-position":"center center","background-size":"auto","background-attachment":"scroll","background-type":"","background-media":"","overlay-type":"","overlay-color":"","overlay-opacity":"","overlay-gradient":""}},"footnotes":""},"class_list":["post-864","page","type-page","status-publish","hentry"],"yoast_head":"<!-- This site is optimized with the Yoast SEO plugin v27.3 - https:\/\/yoast.com\/product\/yoast-seo-wordpress\/ -->\n<title>Elementor #864 - Henca Caravan de<\/title>\n<meta name=\"robots\" content=\"index, follow, max-snippet:-1, max-image-preview:large, max-video-preview:-1\" \/>\n<link rel=\"canonical\" href=\"https:\/\/henca-caravan.de\/?page_id=864\" \/>\n<meta property=\"og:locale\" content=\"en_GB\" \/>\n<meta property=\"og:type\" content=\"article\" \/>\n<meta property=\"og:title\" content=\"Elementor #864 - Henca Caravan de\" \/>\n<meta property=\"og:description\" content=\"Datenschutzerkl\u00e4rung Wir freuen uns \u00fcber Ihr Interesse an unserer Webseite. Der Schutz Ihrer pers\u00f6nlichen Daten ist uns sehr wichtig. Nachfolgend [&hellip;]\" \/>\n<meta property=\"og:url\" content=\"https:\/\/henca-caravan.de\/?page_id=864\" \/>\n<meta property=\"og:site_name\" content=\"Henca Caravan de\" \/>\n<meta property=\"article:modified_time\" content=\"2026-04-03T16:41:23+00:00\" \/>\n<meta name=\"twitter:card\" content=\"summary_large_image\" \/>\n<meta name=\"twitter:label1\" content=\"Estimated reading time\" \/>\n\t<meta name=\"twitter:data1\" content=\"2 minutes\" \/>\n<script type=\"application\/ld+json\" class=\"yoast-schema-graph\">{\"@context\":\"https:\\\/\\\/schema.org\",\"@graph\":[{\"@type\":\"WebPage\",\"@id\":\"https:\\\/\\\/henca-caravan.de\\\/?page_id=864\",\"url\":\"https:\\\/\\\/henca-caravan.de\\\/?page_id=864\",\"name\":\"Elementor #864 - Henca Caravan de\",\"isPartOf\":{\"@id\":\"https:\\\/\\\/henca-caravan.de\\\/#website\"},\"datePublished\":\"2026-03-29T22:07:56+00:00\",\"dateModified\":\"2026-04-03T16:41:23+00:00\",\"breadcrumb\":{\"@id\":\"https:\\\/\\\/henca-caravan.de\\\/?page_id=864#breadcrumb\"},\"inLanguage\":\"en-GB\",\"potentialAction\":[{\"@type\":\"ReadAction\",\"target\":[\"https:\\\/\\\/henca-caravan.de\\\/?page_id=864\"]}]},{\"@type\":\"BreadcrumbList\",\"@id\":\"https:\\\/\\\/henca-caravan.de\\\/?page_id=864#breadcrumb\",\"itemListElement\":[{\"@type\":\"ListItem\",\"position\":1,\"name\":\"Home\",\"item\":\"https:\\\/\\\/henca-caravan.de\\\/\"},{\"@type\":\"ListItem\",\"position\":2,\"name\":\"Elementor #864\"}]},{\"@type\":\"WebSite\",\"@id\":\"https:\\\/\\\/henca-caravan.de\\\/#website\",\"url\":\"https:\\\/\\\/henca-caravan.de\\\/\",\"name\":\"Henca GmbH\",\"description\":\"\",\"publisher\":{\"@id\":\"https:\\\/\\\/henca-caravan.de\\\/#organization\"},\"potentialAction\":[{\"@type\":\"SearchAction\",\"target\":{\"@type\":\"EntryPoint\",\"urlTemplate\":\"https:\\\/\\\/henca-caravan.de\\\/?s={search_term_string}\"},\"query-input\":{\"@type\":\"PropertyValueSpecification\",\"valueRequired\":true,\"valueName\":\"search_term_string\"}}],\"inLanguage\":\"en-GB\"},{\"@type\":\"Organization\",\"@id\":\"https:\\\/\\\/henca-caravan.de\\\/#organization\",\"name\":\"Henca GmbH\",\"alternateName\":\"Henca Caravan\",\"url\":\"https:\\\/\\\/henca-caravan.de\\\/\",\"logo\":{\"@type\":\"ImageObject\",\"inLanguage\":\"en-GB\",\"@id\":\"https:\\\/\\\/henca-caravan.de\\\/#\\\/schema\\\/logo\\\/image\\\/\",\"url\":\"https:\\\/\\\/henca-caravan.de\\\/wp-content\\\/uploads\\\/2025\\\/08\\\/Ikon-Orange.png\",\"contentUrl\":\"https:\\\/\\\/henca-caravan.de\\\/wp-content\\\/uploads\\\/2025\\\/08\\\/Ikon-Orange.png\",\"width\":1200,\"height\":1200,\"caption\":\"Henca GmbH\"},\"image\":{\"@id\":\"https:\\\/\\\/henca-caravan.de\\\/#\\\/schema\\\/logo\\\/image\\\/\"}}]}<\/script>\n<!-- \/ Yoast SEO plugin. -->","yoast_head_json":{"title":"Elementor #864 - Henca Caravan de","robots":{"index":"index","follow":"follow","max-snippet":"max-snippet:-1","max-image-preview":"max-image-preview:large","max-video-preview":"max-video-preview:-1"},"canonical":"https:\/\/henca-caravan.de\/?page_id=864","og_locale":"en_GB","og_type":"article","og_title":"Elementor #864 - Henca Caravan de","og_description":"Datenschutzerkl\u00e4rung Wir freuen uns \u00fcber Ihr Interesse an unserer Webseite. Der Schutz Ihrer pers\u00f6nlichen Daten ist uns sehr wichtig. Nachfolgend [&hellip;]","og_url":"https:\/\/henca-caravan.de\/?page_id=864","og_site_name":"Henca Caravan de","article_modified_time":"2026-04-03T16:41:23+00:00","twitter_card":"summary_large_image","twitter_misc":{"Estimated reading time":"2 minutes"},"schema":{"@context":"https:\/\/schema.org","@graph":[{"@type":"WebPage","@id":"https:\/\/henca-caravan.de\/?page_id=864","url":"https:\/\/henca-caravan.de\/?page_id=864","name":"Elementor #864 - Henca Caravan de","isPartOf":{"@id":"https:\/\/henca-caravan.de\/#website"},"datePublished":"2026-03-29T22:07:56+00:00","dateModified":"2026-04-03T16:41:23+00:00","breadcrumb":{"@id":"https:\/\/henca-caravan.de\/?page_id=864#breadcrumb"},"inLanguage":"en-GB","potentialAction":[{"@type":"ReadAction","target":["https:\/\/henca-caravan.de\/?page_id=864"]}]},{"@type":"BreadcrumbList","@id":"https:\/\/henca-caravan.de\/?page_id=864#breadcrumb","itemListElement":[{"@type":"ListItem","position":1,"name":"Home","item":"https:\/\/henca-caravan.de\/"},{"@type":"ListItem","position":2,"name":"Elementor #864"}]},{"@type":"WebSite","@id":"https:\/\/henca-caravan.de\/#website","url":"https:\/\/henca-caravan.de\/","name":"Henca GmbH","description":"","publisher":{"@id":"https:\/\/henca-caravan.de\/#organization"},"potentialAction":[{"@type":"SearchAction","target":{"@type":"EntryPoint","urlTemplate":"https:\/\/henca-caravan.de\/?s={search_term_string}"},"query-input":{"@type":"PropertyValueSpecification","valueRequired":true,"valueName":"search_term_string"}}],"inLanguage":"en-GB"},{"@type":"Organization","@id":"https:\/\/henca-caravan.de\/#organization","name":"Henca GmbH","alternateName":"Henca Caravan","url":"https:\/\/henca-caravan.de\/","logo":{"@type":"ImageObject","inLanguage":"en-GB","@id":"https:\/\/henca-caravan.de\/#\/schema\/logo\/image\/","url":"https:\/\/henca-caravan.de\/wp-content\/uploads\/2025\/08\/Ikon-Orange.png","contentUrl":"https:\/\/henca-caravan.de\/wp-content\/uploads\/2025\/08\/Ikon-Orange.png","width":1200,"height":1200,"caption":"Henca GmbH"},"image":{"@id":"https:\/\/henca-caravan.de\/#\/schema\/logo\/image\/"}}]}},"_links":{"self":[{"href":"https:\/\/henca-caravan.de\/index.php?rest_route=\/wp\/v2\/pages\/864","targetHints":{"allow":["GET"]}}],"collection":[{"href":"https:\/\/henca-caravan.de\/index.php?rest_route=\/wp\/v2\/pages"}],"about":[{"href":"https:\/\/henca-caravan.de\/index.php?rest_route=\/wp\/v2\/types\/page"}],"author":[{"embeddable":true,"href":"https:\/\/henca-caravan.de\/index.php?rest_route=\/wp\/v2\/users\/1"}],"replies":[{"embeddable":true,"href":"https:\/\/henca-caravan.de\/index.php?rest_route=%2Fwp%2Fv2%2Fcomments&post=864"}],"version-history":[{"count":10,"href":"https:\/\/henca-caravan.de\/index.php?rest_route=\/wp\/v2\/pages\/864\/revisions"}],"predecessor-version":[{"id":904,"href":"https:\/\/henca-caravan.de\/index.php?rest_route=\/wp\/v2\/pages\/864\/revisions\/904"}],"wp:attachment":[{"href":"https:\/\/henca-caravan.de\/index.php?rest_route=%2Fwp%2Fv2%2Fmedia&parent=864"}],"curies":[{"name":"wp","href":"https:\/\/api.w.org\/{rel}","templated":true}]}}